is 63 - 3351522?
-3351426
In base 11, what is -4 - -2476956?
2476952
In base 2, what is -1011011 - -1000100111111001011?
1000100111101110000
In base 10, what is -144206 + -115?
-144321
In base 6, what is -1 - -43103214?
43103213
In base 6, what is 4 + 2222350133?
2222350141
In base 9, what is -305108 - -26?
-305072
In base 14, what is -3 - b0b08b?
-b0b090
In base 3, what is -10021002022211121 + -1?
-10021002022211122
In base 8, what is -25556 - -11650?
-13706
In base 14, what is -1940 - 110b?
-2a4b
In base 6, what is -204255534 + 11?
-204255523
In base 6, what is -331101343 + 0?
-331101343
In base 5, what is -3114243014 + 10?
-3114243004
In base 12, what is -96440043 - 0?
-96440043
In base 10, what is 32564 + -18605?
13959
In base 13, what is 3 + -4b08535?
-4b08532
In base 16, what is c7a9a - -2?
c7a9c
In base 10, what is -3443709 + 54?
-3443655
In base 4, what is -21100 - -20113321?
20032221
In base 3, what is -20 + 111000002110120112?
111000002110120022
In base 15, what is -292 + 1308?
1066
In base 4, what is -30032333202 - 221?
-30033000023
In base 7, what is -611 + 364114?
363203
In base 7, what is 135331 + -63?
135235
In base 9, what is -43628 + 451?
-43167
In base 16, what is -2e0d90 - -5?
-2e0d8b
In base 10, what is -9605 + 532?
-9073
In base 2, what is -110101110111001010 - -1011000?
-110101110101110010
In base 10, what is -4412 - 1763?
-6175
In base 5, what is 23 - -10121111?
10121134
In base 7, what is -101434563 + -163?
-101435056
In base 4, what is 10 - -321332100?
321332110
In base 7, what is 4 + 13426431?
13426435
In base 16, what is -2 - b5a486?
-b5a488
In base 7, what is 234253 - -360?
234643
In base 8, what is -12513021374 + -2?
-12513021376
In base 3, what is 1121012 - -102001211211?
102010110000
In base 3, what is 2 - -1202201112212022?
1202201112212101
In base 15, what is 172a + 1bdc?
3417
In base 15, what is -2a - -30581?
30556
In base 11, what is -7 - -1049231?
1049225
In base 4, what is -10 + -3211103310?
-3211103320
In base 15, what is -102e + 854?
-6ca
In base 15, what is -1ce26 + -125?
-1d04b
In base 3, what is 21110121120101 - 2020?
21110121111011
In base 4, what is -1030201123 - -30?
-1030201033
In base 4, what is 2 - -3101120133202?
3101120133210
In base 13, what is 4c113 + -346?
4ba9a
In base 9, what is -1085 + 738610?
737514
In base 6, what is 532 + 1251441?
1252413
In base 6, what is 203055 + -11?
203044
In base 10, what is -17 - -3882816?
3882799
In base 2, what is 1111010100110001110111101 + -1000?
1111010100110001110110101
In base 14, what is 7155a83 - 12?
7155a71
In base 11, what is 0 - -79a7a1?
79a7a1
In base 16, what is 7fa59 + -42d?
7f62c
In base 2, what is 1001010 + -1101001101001?
-1101000011111
In base 13, what is 5ac0302 + -2?
5ac0300
In base 13, what is 5252 - 2515?
2a3a
In base 5, what is 2400 + -13034230?
-13031330
In base 10, what is 499005 - 35?
498970
In base 12, what is 156 - 47829?
-47693
In base 11, what is -11 - 22aa1278?
-22aa1289
In base 13, what is -7421c3 + -2ba?
-7424b0
In base 12, what is -5618b6b2 + -4?
-5618b6b6
In base 16, what is -3 + -246bd5?
-246bd8
In base 15, what is -1214 + -106e?
-2283
In base 5, what is -2124 - 102443343?
-103001022
In base 7, what is -124642 - -10141?
-114501
In base 2, what is 101 + -10011001010110111101?
-10011001010110111000
In base 7, what is 5 + 1136352031?
1136352036
In base 11, what is 0 - 495015?
-495015
In base 8, what is -254421 - 610?
-255231
In base 13, what is a9a5 + -25?
a980
In base 10, what is -1584 - -2540?
956
In base 16, what is 1 - -495841?
495842
In base 11, what is 1343071 - 19?
1343053
In base 4, what is 22000222 - 2300?
21331322
In base 10, what is -29 + -104704?
-104733
In base 3, what is 21 - -11100221220211211?
11100221220212002
In base 5, what is 3 + 233422213?
233422221
In base 14, what is -31a71b + 3?
-31a718
In base 3, what is -2122100 - 1021112122?
-1101011222
In base 13, what is 2a24 - -a6b?
3792
In base 3, what is -12222 - 20111021102?
-20111111101
In base 2, what is -10000100000000100101 - -10?
-10000100000000100011
In base 2, what is 10000 - 1000101110011110110?
-1000101110011100110
In base 9, what is 4164107 + -5?
4164102
In base 15, what is -503d - -1d9c?
-3191
In base 2, what is 11111001 + 1000000111110001000011?
1000000111110100111100
In base 8, what is -3 - -10453112?
10453107
In base 12, what is -17 + -39a5080?
-39a5097
In base 7, what is 2234223 - -16?
2234242
In base 14, what is 1b4374b - 1?
1b4374a
In base 9, what is -3 + 21872477?
21872474
In base 5, what is 224303314 - -2231?
224311100
In base 6, what is 2 - 5311453403?
-5311453401
In base 14, what is a - -5acc06?
5acc12
In base 4, what is 1133021321 - 20301?
1133001020
In base 10, what is -19374898 + 0?
-19374898
In base 8, what is 6607730555 + -3?
6607730552
In base 3, what is -11111 + -1022101002011?
-1022101020122
In base 7, what is -3236216 - 51?
-3236300
In base 7, what is -2 + -1031102611?
-1031102613
In base 7, what is 22446133 - 450?
22445353
In base 13, what is -128cc75 - -12?
-128cc63
In base 5, what is -21131 - -11220?
-4411
In base 12, what is -24 + -38493?
-384b7
In base 5, what is 1234141030 - 1102?
1234134423
In base 9, what is 3300168 - -644?
3300823
In base 9, what is 3642584 + 0?
3642584
In base 13, what is 2 - 1cb9bb?
-1cb9b9
In base 11, what is -4 + 74957166?
74957162
In base 9, what is -134 - -1870134?
1870000
In base 10, what is 1 + -68004481?
-68004480
In base 6, what is -523 + 31513?
30550
In base 9, what is 16684 + 6221?
24015
In base 9, what is 0 - 2411453?
-2411453
In base 3, what is -11122000 + -11112011?
-100011011
In base 8, what is 2337474 + 2?
2337476
In base 14, what is 13276c1 + -50?
1327671
In base 6, what is -15 + -321242053?
-321242112
In base 8, what is 5717265 - 0?
5717265
In base 10, what is -1 + 1438767?
1438766
In base 12, what is -3613b64 + 1?
-3613b63
In base 13, what is 1b1065 + 21?
1b1086
In base 3, what is 1011122120202212 + 0?
1011122120202212
In base 10, what is 4 + -254387900?
-254387896
In base 15, what is -18 - -321373?
32135a
In base 13, what is 1 + -21a597ab?
-21a597aa
In base 4, what is 0 - 103101221010112?
-103101221010112
In base 8, what is -3361 - 6153?
-11534
In base 12, what is 5 - 57bbab0?
-57bbaa7
In base 8, what is -4757561 + 1?
-4757560
In base 9, what is -6413 + -22506?
-30020
In base 11, what is 11 + 73905?
73916
In base 2, what is 11100010000010 + 1111111100010?
101100001100100
In base 4, what is -212221 - -1123122?
310301
In base 13, what is -15949a - -10?
-15948a
In base 8, what is -70 - 20771403?
-20771473
In base 6, what is 10 + -2004453424?
-2004453414
In base 10, what is -19 + -5525882?
-5525901
In base 14, what is -3d33 + 603?
-3730
In base 15, what is 9 + 30884d?
308857
In base 16, what is -4f5 - 323?
-818
In base 3, what is -10 + -111102102210100?
-111102102210110
In base 15, what is -cde732b2 - -4?
-cde732ad
In base 5, what is -10243 + -211414?
-222212
In base 12, what is 11103 - -10?
11113
In base 3, what is 111101220 - 221020?
110110200
In base 13, what is -1477b - -2bb8?
-11893
In base 14, what is 18981ba - 5?
18981b5
In base 3, what is 2002022202201 - 20202?
2002022111222
In base 5, what is 3443030123 + -3?
3443030120
In base 9, what is 186 - -601?
787
In base 3, what is -101 - -212000112212?
212000112111
In base 8, what is -15743542 + -5?
-15743547
In base 5, what is 13 + 40442122?
40442140
In base 14, what is 3 - -33c2a1?
33c2a4
In base 6, what is -145 - 1231420?
-1232005
In base 8, what is 27216 - -241?
27457
In base 13, what is 1419 - 2c5?
1124
In base 15, what is 228b1 - -58a?
22e4b
In base 11, what is -13557375 + -5?
-1355737a
In base 13, what is -47 + 3a41a?
3a3a3
In base 9, what is -25432 + 4016?
-21415
In base 14, what is -23d + bc31?
b9d2
In base 6, what is 13151403 + -4214?
13143145
In base 4, what is -212302 + -1022122?
-1301030
In base 12, what is 2bb62 - -262b?
32591
In base 9, what is 4 + -28272844?
-28272840
In base 11, what is 472a50 - -71?
473011
In base 7, what is 264102013 - -5?
264102021
In base 14, what is -16a8 - -12b5d?
11495
In base 11, what is 13a62 - -6229?
1a190
In base 3, what is -12010020010112 + -101?
-12010020010220
In base 15, what is -5 + -50ccd?
-50cd3
In base 7, what is 3534025 + -4232?
3526463
In base 9, what is 420 - 2172?
-1652
In base 2